e a(40).
-35
Let t(b) = -2823*b - 65269. Calculate t(-23).
-340
Let l(n) = -81*n - 2365. Calculate l(-24).
-421
Let c(n) = -4372*n + 18129. Determine c(4).
641
Let c(q) = -6151*q + 65417. Determine c(11).
-2244
Let y(r) = r**2 - 1562*r + 20151. Give y(13).
14
Let z(n) = -10*n**2 - 770*n + 88. What is z(-78)?
-692
Let q(y) = -y**2 - 610*y - 24259. Calculate q(-42).
-403
Let j(g) = -9*g**2 + 1984*g - 12421. Give j(214).
-9
Let x(y) = 884961*y - 884959. What is x(1)?
2
Let m(d) = 5*d**2 - 6321*d - 6320. Calculate m(-1).
6
Let q(j) = j**3 + 124*j**2 + 427*j - 202. Determine q(-4).
10
Let r(t) = -5045*t + 80725. What is r(16)?
5
Let h(l) = -3338*l - 3118. Calculate h(-1).
220
Let v(t) = 57790*t + 115484. Determine v(-2).
-96
Let k(j) = 2*j**3 + 80*j**2 + 222*j - 29. Calculate k(-3).
-29
Let z(x) = 1693*x + 8905. Calculate z(-5).
440
Let k(a) = -1586*a + 239787. What is k(151)?
301
Let x(r) = -12507*r - 1625906. Give x(-130).
4
Let v(y) = -472*y - 21570. What is v(-48)?
1086
Let z(x) = 40229*x - 2816054. Calculate z(70).
-24
Let z(g) = g**3 - 196*g**2 - 93*g + 18226. Give z(196).
-2
Let p(u) = -259*u**3 - 9842*u**2 - 8*u - 293. Calculate p(-38).
11
Let n(i) = 18312*i - 73376. Give n(4).
-128
Let q(z) = 3*z**2 - 2534*z - 22884. Determine q(-9).
165
Let n(u) = -u**3 + 9*u**2 + 667*u - 9014. Calculate n(17).
13
Let f(g) = 3*g**2 - 403*g + 2870. Determine f(127).
76
Let t(g) = 2*g**3 - 302*g**2 + 433*g - 112031. Calculate t(152).
-7
Let l(o) = -o**2 - 635*o - 97267. Determine l(-377).
-1
Let f(x) = -x**3 + 135*x**2 + 269*x - 20803. Determine f(136).
-2715
Let f(m) = -16*m**2 + 3409*m + 10222. Determine f(-3).
-149
Let p(n) = -11468*n - 4919715. Calculate p(-429).
57
Let b(y) = -2*y**2 + 89*y - 689. Calculate b(29).
210
Let v(f) = -12439*f - 1840979. Give v(-148).
-7
Let l(b) = b**3 - 12*b**2 + 2070*b - 24999. Give l(12).
-159
Let j(x) = 943*x + 8658. What is j(-12)?
-2658
Let c(x) = 19*x**3 - 18883*x**2 - 3020*x + 37767. What is c(994)?
-5
Let u(g) = g**3 - 94*g**2 + 626*g - 8652. Determine u(88).
-28
Let p(l) = -l**3 - 114*l**2 - 768*l - 86. Calculate p(-8).
-726
Let i(s) = -2*s**2 - 885*s - 48156. Calculate i(-379).
-23
Let m(n) = 3197*n - 1643268. What is m(514)?
-10
Let g(a) = -a**3 - 34*a**2 + 131*a + 2590. Calculate g(-27).
-6050
Let g(t) = 3*t**3 + 927*t**2 - 3774*t + 50. Give g(4).
-22
Let p(w) = 2*w**3 + 743*w**2 + 52903*w + 666. Calculate p(-96).
-6
Let n(b) = 4299*b - 2914739. Give n(678).
-17
Let h(q) = -q**3 + 42*q**2 - 271*q + 6014. What is h(39)?
8
Let n(q) = q**3 + 21*q**2 - 90*q + 257. Calculate n(-25).
7
Let k(p) = p**3 - 10*p**2 - 733*p + 5317. Calculate k(29).
39
Let s(t) = 761*t**2 - 83*t - 8. Give s(2).
2870
Let r(l) = 336*l - 20537. Determine r(66).
1639
Let a(d) = -1276*d + 6130. Determine a(4).
1026
Let u(c) = 9*c**2 - 5*c - 125. Give u(-8).
491
Let h(q) = -2*q**3 - 502*q**2 + 501*q - 742. Give h(-252).
14
Let y(v) = -2*v**2 - 90*v - 168. Give y(-49).
-560
Let w(u) = 9469*u + 1770671. Calculate w(-187).
-32
Let n(z) = -18*z**2 + 230*z + 1477. Give n(18).
-215
Let w(y) = 158*y**3 + 366*y**2 + 115*y + 9. Calculate w(-2).
-21
Let r(p) = -231*p - 4050. What is r(-16)?
-354
Let z(f) = -495*f**2 - 3851*f + 906. Calculate z(-8).
34
Let f(i) = -2064*i**2 + 10311*i + 36. What is f(5)?
-9
Let p(j) = 7*j**3 + 208*j**2 + 504*j + 10343. Give p(-29).
-68
Let r(x) = 2*x**2 + 76*x - 1629. What is r(21)?
849
Let v(k) = -36*k**3 + 4791*k**2 - 390*k - 1202. Determine v(133).
-5
Let m(h) = 2*h**3 - 138*h**2 + 6415*h - 458838. Give m(70).
12
Let r(n) = -8*n**2 + 1928*n + 3900. Determine r(-2).
12
Let g(y) = 4*y**2 - 8107*y + 88948. Calculate g(11).
255
Let f(z) = -z**3 + 849*z**2 - 34653*z - 347. What is f(43)?
-132
Let z(a) = 13*a**2 + 3345*a - 23530. Calculate z(7).
522
Let o(t) = -t**2 - 4908*t + 49158. Give o(10).
-22
Let r(f) = f**3 - 49*f**2 + 393*f + 5. Calculate r(10).
35
Let m(n) = -19*n**3 + 2530*n**2 - 398*n - 186. What is m(133)?
-53
Let z(k) = -4*k**3 - 525*k**2 - 16281*k + 89. Give z(-81).
89
Let g(j) = -228*j + 19611. Calculate g(86).
3
Let j(w) = -4*w**2 - 19799*w + 218226. Determine j(11).
-47
Let r(t) = t**2 + 12*t - 23495. Calculate r(148).
185
Let i(v) = v**3 + 17*v**2 + 43*v + 17. Determine i(-16).
-415
Let l(i) = -3*i**2 - 145*i - 1409. Give l(-19).
263
Let g(u) = 2010*u + 72403. Calculate g(-36).
43
Let t(l) = 2*l**3 + 19*l**2 - 17*l - 300. Determine t(-8).
28
Let z(v) = -2*v**3 + 139*v**2 - 1378*v + 160. What is z(11)?
-841
Let d(x) = -762*x - 1646. Determine d(-3).
640
Let z(d) = -2939*d - 21982. Give z(-9).
4469
Let g(y) = -1654*y + 36483. Calculate g(22).
95
Let a(x) = -191069*x - 1146333. Give a(-6).
81
Let q(g) = -840*g - 3183. What is q(-4)?
177
Let j(x) = -x**2 - 156*x - 1649. Determine j(-10).
-189
Let t(n) = -3*n**2 - 3301*n + 19916. What is t(6)?
2
Let l(i) = -12*i**2 - 384*i + 103. Calculate l(-33).
-293
Let d(i) = -i**3 + 51*i**2 - 37*i + 5855. Give d(52).
1227
Let r(j) = -269*j + 2952. Determine r(11).
-7
Let v(u) = u**3 + 343*u**2 - 374*u - 10047. Give v(-344).
273
Let u(f) = 59*f**2 + 1208*f + 4219. Determine u(-16).
-5
Let j(z) = -z**3 + 29*z**2 - 109*z - 224. What is j(24)?
40
Let c(y) = -2*y**2 + 38742*y + 310073. Calculate c(-8).
9
Let d(g) = -9*g**3 + 420*g**2 - 274*g + 2. Determine d(46).
94
Let d(a) = 513*a**2 - 3763*a + 7522. Determine d(2).
2048
Let z(s) = 14*s**2 + 1589*s - 3177. Determine z(2).
57
Let f(m) = -m**2 - 431*m - 28390. Calculate f(-81).
-40
Let t(s) = -502*s**2 - 11517*s + 238. Determine t(-23).
-429
Let i(q) = 2605*q - 44513. Give i(17).
-228
Let h(l) = -l**3 + 15*l**2 - 23*l + 18. What is h(5)?
153
Let k(g) = 10514*g - 494164. Give k(47).
-6
Let w(a) = -2*a**3 + 77*a**2 - 45*a - 1834. Give w(38).
-2100
Let d(u) = u**3 + 6*u**2 - 181*u - 143. Give d(-17).
-245
Let x(l) = -l**3 - 85*l**2 - 339*l - 1236. Calculate x(-81).
-21
Let g(x) = -5*x**2 - 3253*x + 49937. Calculate g(15).
17
Let s(a) = -a**3 - 27*a**2 + 374*a + 1864. What is s(-4)?
0
Let d(v) = 35*v**3 + 3260*v**2 + 464*v - 89. What is d(-93)?
4
Let c(r) = -r**3 + 127*r**2 + 8203*r + 1169. Determine c(-47).
-6
Let d(l) = -248*l + 3127. Give d(15).
-593
Let l(j) = 1356411*j - 5425648. Determine l(4).
-4
Let i(s) = 2*s**3 + 1343*s**2 + 144050*s + 17. Calculate i(-134).
17
Let g(z) = -39*z - 3814. Give g(-79).
-733
Let q(u) = 18093*u - 578968. What is q(32)?
8
Let s(m) = -2*m**3 - 468*m**2 + 3870*m - 7. Determine s(8).
-23
Let v(u) = 21*u**3 + 1408*u**2 + 35*u - 2035. Calculate v(-67).
109
Let i(c) = 2128*c**3 - 368*c**2 + 365*c + 2. What is i(1)?
2127
Let x(c) = -2*c**3 - 4577*c**2 + 32146*c - 69. Calculate x(7).
-6
Let h(v) = -5*v**3 - 154*v**2 - 118*v + 96. Determine h(-30).
36
Let g(i) = -2026*i + 30428. Give g(15).
38
Let k(z) = 13*z**2 - 333*z + 786. Calculate k(23).
4
Let r(s) = -s**3 - 187*s**2 + 8*s + 164. What is r(-187)?
-1332
Let y(x) = -5896*x + 282995. Give y(48).
-13
Let q(o) = 2*o**2 - 104*o - 1026. Determine q(47).
-1496
Let w(k) = 38564*k - 38571. Calculate w(1).
-7
Let y(f) = -3514*f - 14039. Determine y(-4).
17
Let u(w) = -95*w - 2614. Determine u(-29).
141
Let r(m) = 88*m - 8662. Give r(102).
314
Let u(p) = -2*p**2 - 35785*p + 2334471. Give u(65).
-4
Let j(b) = -b**2 + 8345*b - 1613104. Calculate j(198).
2
Let u(w) = -w**3 - 202*w**2 + 821*w - 670. Give u(-206).
-52
Let j(c) = -3*c**2 - 202*c - 3099. Calculate j(-22).
-107
Let d(u) = -u**3 + 97*u**2 + 612*u - 59369. Give d(97).
-5
Let d(u) = 16*u**2 - 22052*u - 22063. Determine d(-1).
5
Let f(s) = 2080*s - 8312. Calculate f(4).
8
Let r(m) = m**3 + 13*m**2 - 48*m - 364. Calculate r(-15).
-94
Let g(d) = -5*d**2 + 227*d + 887. What is g(45)?
977
Let p(o) = 9*o**2 - 2281*o + 44027. Determine p(21).
95
Let n(i) = -2*i**3 - 194*i**2 + 369*i - 2177. Determine n(-99).
496
Let w(d) = -d**3 - 13*d**2 + 49*d + 240. Determine w(-15).
-45
Let j(u) = 173093*u - 3115668. Calculate j(18).
6
Let a(r) = 22812*r + 3581477. Calculate a(-157).
-7
Let y(l) = -4*l**2 - 3663*l + 18340. What is y(5)?
-75
Let p(t) = -t**3 - 115*t**2 + 1025*t + 152387. Determine p(-112).
-45
Let c(o) = 10*o**2 - 99*o - 445. Give c(13).
-42
Let s(p) = 140*p - 7617. Determine s(62).
1063
Let f(s) = 4*s**3 - 34*s**2 + 115*s - 150. What is f(4)?
22
Let r(h) = 2*h**3 - 162*h**2 + 3*h - 390. What is r(81)?
-1